4 is divided by 1200?
584
Calculate the remainder when 131827097 is divided by 169.
168
What is the remainder when 1062465 is divided by 16601?
1
Calculate the remainder when 155467 is divided by 68.
19
What is the remainder when 394354 is divided by 131444?
22
What is the remainder when 1952144 is divided by 32534?
104
Calculate the remainder when 108464 is divided by 8337.
83
What is the remainder when 24698309 is divided by 47?
44
What is the remainder when 1324707 is divided by 3590?
3587
Calculate the remainder when 151806 is divided by 820.
106
What is the remainder when 109967 is divided by 3567?
2957
What is the remainder when 198868 is divided by 919?
364
Calculate the remainder when 23622 is divided by 3418.
3114
What is the remainder when 996766 is divided by 280?
246
Calculate the remainder when 880503 is divided by 38273.
224
Calculate the remainder when 5795863 is divided by 21.
10
Calculate the remainder when 516075 is divided by 11215.
185
Calculate the remainder when 292385 is divided by 292105.
280
Calculate the remainder when 34715679 is divided by 25.
4
Calculate the remainder when 231196 is divided by 12184.
11884
Calculate the remainder when 108840254 is divided by 461.
459
Calculate the remainder when 622631 is divided by 622626.
5
Calculate the remainder when 50861 is divided by 1978.
1411
Calculate the remainder when 4584365 is divided by 836.
577
Calculate the remainder when 71456 is divided by 104.
8
What is the remainder when 408530 is divided by 459?
20
Calculate the remainder when 797241 is divided by 68.
9
What is the remainder when 54745547 is divided by 25?
22
What is the remainder when 5856389 is divided by 438?
329
Calculate the remainder when 4127254 is divided by 25.
4
Calculate the remainder when 1334823 is divided by 9677.
9074
Calculate the remainder when 642915 is divided by 435.
420
What is the remainder when 573503 is divided by 1078?
7
Calculate the remainder when 14903792 is divided by 83729.
30
Calculate the remainder when 212113613 is divided by 8.
5
Calculate the remainder when 7394665 is divided by 349.
53
Calculate the remainder when 214010 is divided by 1980.
170
Calculate the remainder when 101829 is divided by 10968.
3117
What is the remainder when 13591969 is divided by 56?
41
Calculate the remainder when 6479463 is divided by 47.
43
Calculate the remainder when 2475921 is divided by 41259.
381
What is the remainder when 35757 is divided by 252?
225
Calculate the remainder when 1476746 is divided by 1938.
1928
Calculate the remainder when 579036 is divided by 8984.
4060
Calculate the remainder when 276914 is divided by 13826.
394
What is the remainder when 340173 is divided by 536?
349
Calculate the remainder when 95987 is divided by 2233.
2201
Calculate the remainder when 14313620 is divided by 582.
494
Calculate the remainder when 99386 is divided by 1051.
592
What is the remainder when 1246291 is divided by 65584?
195
What is the remainder when 17886777 is divided by 30?
27
Calculate the remainder when 130090752 is divided by 2304.
0
Calculate the remainder when 21223677 is divided by 21.
6
Calculate the remainder when 2977165 is divided by 61.
60
Calculate the remainder when 41873799 is divided by 2463163.
28
What is the remainder when 447206 is divided by 649?
45
What is the remainder when 19378 is divided by 2768?
2
What is the remainder when 1223499 is divided by 2046?
2037
What is the remainder when 221437 is divided by 522?
109
What is the remainder when 122421 is divided by 3222?
3207
Calculate the remainder when 15133843 is divided by 152867.
10
What is the remainder when 2652897 is divided by 1326363?
171
Calculate the remainder when 1979334 is divided by 236.
2
What is the remainder when 2396621 is divided by 44?
29
Calculate the remainder when 34061 is divided by 33188.
873
Calculate the remainder when 549536 is divided by 172.
168
What is the remainder when 106432049 is divided by 80205?
14
Calculate the remainder when 45895592 is divided by 2557.
2556
What is the remainder when 480614 is divided by 11177?
3
What is the remainder when 311178 is divided by 69?
57
What is the remainder when 21023 is divided by 12496?
8527
What is the remainder when 176803 is divided by 35135?
1128
Calculate the remainder when 706672 is divided by 1419.
10
Calculate the remainder when 50491599 is divided by 175318.
15
Calculate the remainder when 35437598 is divided by 1524.
26
Calculate the remainder when 8284093 is divided by 6622.
6593
What is the remainder when 1018629 is divided by 18?
9
What is the remainder when 602682190 is divided by 14?
12
What is the remainder when 122901 is divided by 1560?
1221
Calculate the remainder when 26522232 is divided by 96095.
12
Calculate the remainder when 501934 is divided by 62451.
2326
Calculate the remainder when 6915093 is divided by 864362.
197
What is the remainder when 35549549 is divided by 255?
254
Calculate the remainder when 28092985 is divided by 864.
25
What is the remainder when 260833 is divided by 8692?
73
What is the remainder when 633491 is divided by 57576?
155
What is the remainder when 19860110 is divided by 173?
56
Calculate the remainder when 1433676 is divided by 1428.
1392
What is the remainder when 37545 is divided by 16358?
4829
What is the remainder when 15078882 is divided by 407537?
13
Calculate the remainder when 418133 is divided by 5272.
1645
Calculate the remainder when 53378625 is divided by 920321.
7
What is the remainder when 19073394 is divided by 830?
824
What is the remainder when 27850 is divided by 27621?
229
What is the remainder when 25428739 is divided by 1109?
478
What is the remainder when 1996196 is divided by 199537?
826
What is the remainder when 29533898 is divided by 4090?
8
What is the remainder when 15466810 is divided by 94?
50
Calculate the remainder when 1871293 is divided by 6453.
6376
Calculate the remainder when 317054 is divided by 31575.
1304
Calculate the remainder when 254922 is divided by 163.
153
What is the remainder when 1624418 is divided by 266?
222
Calculate the remainder when 237841 is divided by 1370.
831
Calculate the remainder when 1300626 is divided by 61932.
54
Calculate the remainder when 195250280 is divided by 1743306.
8
What is the remainder when 7389869 is divided by 7281?
6935
What is the remainder when 503676 is divided by 125919?
0
What is the remainder when 3758940 is divided by 32?
28
Calculate the remainder when 63145128 is divided by 547.
542
What is the remainder when 1248751 is divided by 3114?
37
Calculate the remainder when 14142518 is divided by 17.
14
What is the remainder when 98651780 is divided by 57?
56
What is the remainder when 98950319 is divided by 90?
89
Calculate the remainder when 302159 is divided by 100546.
521
Calculate the remainder when 5189183 is divided by 16.
15
Calculate the remainder when 32702 is divided by 132.
98
Calculate the remainder when 5623530 is divided by 42282.
24
Calculate the remainder when 403210 is divided by 210.
10
Calculate the remainder when 3312133 is divided by 1104042.
7
What is the remainder when 67745628 is divided by 30?
18
What is the remainder when 2334769 is divided by 778173?
250
Calculate the remainder when 1172335 is divided by 24.
7
What is the remainder when 250827 is divided by 125404?
19
Calculate the remainder when 388186489 is divided by 255.
244
Calculate the remainder when 118074 is divided by 2180.
354
Calculate the remainder when 71061 is divided by 8881.
13
Calculate the remainder when 3209523 is divided by 27668.
35
Calculate the remainder when 2039215 is divided by 4562.
1
What is the remainder when 199817 is divided by 3905?
662
Calculate the remainder when 187973158 is divided by 63.
58
Calculate the remainder when 21566 is divided by 3075.
41
Calculate the remainder when 498079338 is divided by 37.
27
Calculate the remainder when 87337857 is divided by 2454.
2451
Calculate the remainder when 63262235 is divided by 353.
46
Calculate the remainder when 2054041 is divided by 2054026.
15
What is the remainder when 23444 is divided by 1019?
7
What is the remainder when 836342 is divided by 39?
26
Calculate the remainder when 1005819 is divided by 1014.
945
What is the remainder when 74965 is d